01?
10100000101101
In base 12, what is -8 + 145?
139
In base 2, what is 1001 + 1110001000010?
1110001001011
In base 6, what is -2332 + -1130?
-3502
In base 13, what is 2622 + -22?
2600
In base 15, what is -1dcc + 43?
-1d89
In base 12, what is 1178 - 5b?
1119
In base 12, what is -3a + 469b?
4661
In base 6, what is 3 + 4330155?
4330202
In base 10, what is -5133 + 26?
-5107
In base 13, what is -2bb7 - -1?
-2bb6
In base 12, what is 6 + -64877?
-64871
In base 9, what is 4 - 155601?
-155586
In base 3, what is -122102 + -111210101?
-112102210
In base 15, what is 523c38 - -1?
523c39
In base 6, what is -201133 + 5?
-201124
In base 6, what is -10 + 100142?
100132
In base 13, what is -c0 - -238?
148
In base 3, what is -21111 + -211001?
-1002112
In base 2, what is -10 - -100101100011?
100101100001
In base 15, what is -27281 + 2?
-2727e
In base 6, what is -4 - 5550355?
-5550403
In base 2, what is -1010101111111001000 + 101?
-1010101111111000011
In base 16, what is -2 + 1076b?
10769
In base 6, what is -10 - -422553?
422543
In base 15, what is -c0a + -6?
-c11
In base 15, what is -136c - 17?
-1384
In base 4, what is -2133230 + 3?
-2133221
In base 15, what is 0 - -127223?
127223
In base 3, what is -201211020 + -102?
-201211122
In base 15, what is 4 + -95b?
-957
In base 12, what is a38 - -b2?
b2a
In base 16, what is a + -c6c8?
-c6be
In base 10, what is 4 + 853353?
853357
In base 11, what is -116 + 257a?
2464
In base 10, what is 10 + -166890?
-166880
In base 4, what is -312 - 12231203?
-12232121
In base 15, what is -28 - -1040?
1017
In base 14, what is -520c3 + 4?
-520bd
In base 15, what is 1 - -6272?
6273
In base 11, what is -1 - 23050?
-23051
In base 5, what is -130302 + -3?
-130310
In base 9, what is 1 + 275628?
275630
In base 3, what is -11 - -1121111000?
1121110212
In base 16, what is 1 + 15b17?
15b18
In base 16, what is 6dc1 + -3?
6dbe
In base 7, what is -2 + -20633255?
-20633260
In base 8, what is -2 - -2510255?
2510253
In base 14, what is 3378 - -18?
3392
In base 10, what is 2417 - 70?
2347
In base 2, what is -11010001010 - 100?
-11010001110
In base 6, what is 23 + 5211?
5234
In base 16, what is -2a51a - -d?
-2a50d
In base 10, what is 0 + 27297?
27297
In base 5, what is -200210 - 32?
-200242
In base 16, what is -6a - 7d66?
-7dd0
In base 3, what is 121020022 - -211?
121021010
In base 2, what is 11010001100 - 100101100100?
-1011011000
In base 5, what is 13134244 + -2?
13134242
In base 14, what is 39bc + 2?
39c0
In base 6, what is -12131 + 42?
-12045
In base 5, what is 4110014 - -10?
4110024
In base 8, what is 13046 + -60?
12766
In base 16, what is -12b - -128?
-3
In base 13, what is 1 + 55b9?
55ba
In base 10, what is -7497 + -1?
-7498
In base 8, what is -2176 - 4447?
-6645
In base 14, what is -3169 + a?
-315d
In base 9, what is -201 + 817?
616
In base 9, what is 205 + 117?
323
In base 2, what is 100 + -101011110100100011100?
-101011110100100011000
In base 6, what is 54150 - -1114?
55304
In base 12, what is 546 - -819?
1163
In base 3, what is -1 + -11101121?
-11101122
In base 12, what is aabb5 + 0?
aabb5
In base 5, what is 103 - -12014?
12122
In base 10, what is 18 + 51228?
51246
In base 13, what is 0 - -73696?
73696
In base 8, what is -1442 - 5?
-1447
In base 16, what is 9 - 512?
-509
In base 2, what is -1 + -1110100011111?
-1110100100000
In base 14, what is 1d + 1c22?
1c41
In base 8, what is -4 + -35460?
-35464
In base 2, what is -11001011011000001110 + 100?
-11001011011000001010
In base 11, what is -675100 - 5?
-675105
In base 10, what is -16902 - -1?
-16901
In base 15, what is -1beec9 + 1?
-1beec8
In base 2, what is -11101101001110100110 - -10?
-11101101001110100100
In base 16, what is 164f - 4?
164b
In base 2, what is 101 + 1010011001010010?
1010011001010111
In base 15, what is 3 + dbb5?
dbb8
In base 4, what is -23300 - -1201?
-22033
In base 8, what is -123 + 21603?
21460
In base 9, what is 5656 - -4?
5661
In base 9, what is 1 - -4203?
4204
In base 12, what is 0 - -29560?
29560
In base 9, what is -5 - -2274837?
2274832
In base 6, what is 1 - 13044?
-13043
In base 7, what is 2241 - 145?
2063
In base 4, what is -311 - -322?
11
In base 4, what is 1010 + -101?
303
In base 5, what is 431430 - 40?
431340
In base 12, what is -1b - -27a07?
279a8
In base 4, what is 32 + 2122321?
2123013
In base 13, what is -35cc - -10?
-35bc
In base 13, what is -9 - -30b41?
30b35
In base 3, what is 1001110002112 - 11?
1001110002101
In base 6, what is 11044 + 10343?
21431
In base 16, what is -2e - -5646?
5618
In base 14, what is -495b3 - -5?
-495ac
In base 12, what is 123 + -698b?
-6868
In base 6, what is -13432 + -12?
-13444
In base 12, what is 4a41 + -20?
4a21
In base 10, what is 48960 + 51?
49011
In base 12, what is -2 + -105b97?
-105b99
In base 14, what is -253da8 + 3?
-253da5
In base 9, what is -1680 - 10?
-1700
In base 7, what is -1143 - 64?
-1240
In base 4, what is -2020301 + -21?
-2020322
In base 5, what is -230 - 1114?
-1344
In base 5, what is -440 + -12100?
-13040
In base 2, what is -11100 - -100001110111?
100001011011
In base 5, what is -12114220 + 31?
-12114134
In base 11, what is -90370a - 1?
-903710
In base 6, what is 5 + -13535131?
-13535122
In base 7, what is -2426 - -12?
-2414
In base 9, what is -447 - -407?
-40
In base 12, what is 7065 - -4?
7069
In base 4, what is -1021121321 + -1?
-1021121322
In base 15, what is 1 - -c6ddb?
c6ddc
In base 11, what is -2a2a6 + 3?
-2a2a3
In base 5, what is 113212 + -1?
113211
In base 11, what is -a - -18a0?
1891
In base 5, what is -34114 + 1310?
-32304
In base 14, what is 19731 - -1?
19732
In base 16, what is -77 - -5cb?
554
In base 16, what is -1 + -16c3b?
-16c3c
In base 8, what is 65 - 6114?
-6027
In base 16, what is 5 + -3049?
-3044
In base 16, what is 0 + 117f?
117f
In base 11, what is -6617a - 20?
-6619a
In base 10, what is -949 + -16?
-965
In base 11, what is 12 - 7489?
-7477
In base 12, what is 3 - 52797?
-52794
In base 12, what is 56 - 2492b?
-24895
In base 15, what is 85bd - 5?
85b8
In base 12, what is -2 - -52120?
5211a
In base 7, what is -2 + 443342?
443340
In base 3, what is -1 - 100012102?
-100012110
In base 5, what is -21323 - -24440?
3112
In base 12, what is -645 + 18?
-629
In base 12, what is 233 - 48a5?
-4672
In base 11, what is -16329 + -4?
-16332
In base 8, what is -5346 - -44?
-5302
In base 7, what is 56065 + 34?
56132
In base 13, what is -4 + 1a647b?
1a6477
In base 10, what is -913 + -47?
-960
In base 12, what is 47a32 + -2?
47a30
In base 3, what is -1121 + 1020111002?
1020102111
In base 8, what is -4 - -675045?
675041
In base 8, what is 25 - 340442?
-340415
In base 11, what is 15a838 + -10?
15a828
In base 16, what is 5 + 133de?
133e3
In base 6, what is -12014045 + -40?
-12014125
In base 3, what is 22212 - -12202121?
20002110
In base 7, what is 0 - -2124166?
2124166
In base 13, what is 60 + -52?
b
In base 3, what is -11222021 + 1111020?
-10111001
In base 2, what is -111100100001100101 + 1?
-111100100001100100
In base 4, what is 22002020 + -3?
22002011
In base 5, what is 1341 - 43041?
-41200
In base 14, what is -46dbdd + 4?
-46dbd9
In base 10, what is -25132 - -4?
-25128
In base 10, what is 3694 + 38?
3732
In base 6, what is -12 - -1042323?
1042311
In base 15, what is 2105a3 + 1?
2105a4
In base 13, what is -464 - 1a?
-481
In base 16, what is 1b1 + 61a?
7cb
In base 6, what is 25 + -4533?
-4504
In base 11, what is -1 - 156a01?
-156a02
In base 4, what is 1110 + 230?
2000
In base 6, what is 125 + -201?
-32
In base 8, what is -15 - -10073?
10056
In base 16, what is 5 - -10db4?
10db9
In base 13, what is 35b + -4?
357
In base 12, what is -4 - -8960a?
89606
In base 9, what is 2 - 351628?
-351626
In base 6, what is -32 + -2000?
-2032
In base 9, what is 52 + -52381?
-52328
In base 5, what is -4 - -2010022?
2010013
In base 9, what is 0 - -21738?
21738
In base 8, what is 3213 + 22?
3235
In base 2, what is -101001100101 - -11110?
-101001000111
In base 4, what is -11 - 10101221?
-10101232
In base 8, what is 227231 + 136?
227367
In base 8, what is 4001236 - 3?
4001233
In base 13, what is 34 - cbc?
-c88
In base 3, what is 110201 + 101201?
212102
In base 2, what is 11011110010110 - 100000011?
11011010010011
In base 2, what is 0 + 10001110110100001?
10001110110100001
In base 9, what is 5138 + -62?
5066
In base 8, what is 